{"id":77,"date":"2025-01-29T16:28:01","date_gmt":"2025-01-29T15:28:01","guid":{"rendered":"https:\/\/hirte-arbeitssicherheit.de\/?page_id=77"},"modified":"2025-02-06T19:22:38","modified_gmt":"2025-02-06T18:22:38","slug":"arbeitssicherheit","status":"publish","type":"page","link":"https:\/\/hirte-arbeitssicherheit.de\/index.php\/arbeitssicherheit\/","title":{"rendered":"Arbeitssicherheit"},"content":{"rendered":"\n<p><strong>Arbeitsschutz: Sicherheit f\u00fcr B\u00fcro, Handwerk und Industrie!<\/strong><\/p>\n\n\n\n<p>Ob im B\u00fcro, auf der Baustelle oder in der Produktion \u2013 Arbeitsschutz betrifft alle Branchen und sorgt f\u00fcr sichere, gesunde Arbeitsbedingungen. Durch gezielte Ma\u00dfnahmen lassen sich Unf\u00e4lle vermeiden, Ausfallzeiten reduzieren und die Produktivit\u00e4t steigern. Ein effektives Arbeitsschutzkonzept sch\u00fctzt nicht nur die Mitarbeiter, sondern auch den Betrieb selbst.<\/p>\n\n\n\n<p>Im B\u00fcro liegt der Fokus vor allem auf Ergonomie und Brandschutz. H\u00f6henverstellbare Schreibtische, optimale Beleuchtung und eine gute Raumluftqualit\u00e4t tragen zur Gesundheit der Mitarbeiter bei. Gleichzeitig m\u00fcssen Fluchtwege, Feuerl\u00f6scher und Erste-Hilfe-Einrichtungen regelm\u00e4\u00dfig \u00fcberpr\u00fcft werden.<\/p>\n\n\n\n<p>F\u00fcr Handwerksbetriebe sind neben ergonomischen Aspekten vor allem pers\u00f6nliche Schutzausr\u00fcstung (PSA) und sicheres Arbeiten mit Maschinen essenziell. Schutzhelme, Handschuhe und Geh\u00f6rschutz helfen, Verletzungen zu vermeiden. Zudem sind regelm\u00e4\u00dfige Sicherheitsunterweisungen und Gef\u00e4hrdungsbeurteilungen unerl\u00e4sslich.<\/p>\n\n\n\n<p>In der fertigenden Industrie stehen Maschinensicherheit, L\u00e4rmschutz und der Umgang mit Gefahrstoffen im Mittelpunkt. Automatisierte Sicherheitsvorkehrungen, klare Betriebsanweisungen und regelm\u00e4\u00dfige Wartungen minimieren Risiken und sorgen f\u00fcr einen reibungslosen Produktionsablauf.<\/p>\n\n\n\n<p>Arbeitsschutz ist ein wichtiger Bestandteil jedes Unternehmens. Wer in Sicherheit investiert, sch\u00fctzt nicht nur seine Mitarbeiter, sondern steigert auch Effizienz, Qualit\u00e4t und langfristigen Erfolg!<\/p>\n","protected":false},"excerpt":{"rendered":"<p>Arbeitsschutz: Sicherheit f\u00fcr B\u00fcro, Handwerk und Industrie! Ob im B\u00fcro, auf der Baustelle oder in der Produktion \u2013 Arbeitsschutz betrifft alle Branchen und sorgt f\u00fcr&hellip;<\/p>\n","protected":false},"author":1,"featured_media":0,"parent":0,"menu_order":0,"comment_status":"closed","ping_status":"closed","template":"","meta":{"footnotes":""},"class_list":["post-77","page","type-page","status-publish","hentry"],"_links":{"self":[{"href":"https:\/\/hirte-arbeitssicherheit.de\/index.php\/wp-json\/wp\/v2\/pages\/77","targetHints":{"allow":["GET"]}}],"collection":[{"href":"https:\/\/hirte-arbeitssicherheit.de\/index.php\/wp-json\/wp\/v2\/pages"}],"about":[{"href":"https:\/\/hirte-arbeitssicherheit.de\/index.php\/wp-json\/wp\/v2\/types\/page"}],"author":[{"embeddable":true,"href":"https:\/\/hirte-arbeitssicherheit.de\/index.php\/wp-json\/wp\/v2\/users\/1"}],"replies":[{"embeddable":true,"href":"https:\/\/hirte-arbeitssicherheit.de\/index.php\/wp-json\/wp\/v2\/comments?post=77"}],"version-history":[{"count":4,"href":"https:\/\/hirte-arbeitssicherheit.de\/index.php\/wp-json\/wp\/v2\/pages\/77\/revisions"}],"predecessor-version":[{"id":129,"href":"https:\/\/hirte-arbeitssicherheit.de\/index.php\/wp-json\/wp\/v2\/pages\/77\/revisions\/129"}],"wp:attachment":[{"href":"https:\/\/hirte-arbeitssicherheit.de\/index.php\/wp-json\/wp\/v2\/media?parent=77"}],"curies":[{"name":"wp","href":"https:\/\/api.w.org\/{rel}","templated":true}]}}